9?
675
What is the remainder when 73347199 is divided by 1539?
1537
Calculate the remainder when 3851551 is divided by 42.
25
Calculate the remainder when 391732 is divided by 613.
25
Calculate the remainder when 27973995 is divided by 874187.
11
What is the remainder when 591503 is divided by 1584?
671
What is the remainder when 58909 is divided by 2902?
869
What is the remainder when 7211426 is divided by 1662?
8
What is the remainder when 31186956 is divided by 522?
66
What is the remainder when 2242610 is divided by 140162?
18
Calculate the remainder when 19706381 is divided by 1970629.
91
What is the remainder when 9184613 is divided by 2296151?
9
What is the remainder when 415355 is divided by 1353?
1337
What is the remainder when 4144620 is divided by 86346?
12
Calculate the remainder when 4908290 is divided by 48.
2
Calculate the remainder when 86338945 is divided by 1153.
1152
Calculate the remainder when 236575486 is divided by 3638.
3622
Calculate the remainder when 149767 is divided by 11483.
488
Calculate the remainder when 2505994 is divided by 714.
568
What is the remainder when 533314 is divided by 66637?
218
Calculate the remainder when 94585 is divided by 884.
881
What is the remainder when 169903135 is divided by 338?
337
Calculate the remainder when 612656 is divided by 87.
2
What is the remainder when 9534548 is divided by 264848?
20
Calculate the remainder when 211785 is divided by 5053.
4612
Calculate the remainder when 48010 is divided by 11206.
3186
Calculate the remainder when 6170379 is divided by 183.
168
What is the remainder when 111240860 is divided by 1765?
1735
Calculate the remainder when 59645 is divided by 7232.
1789
What is the remainder when 41546882 is divided by 37531?
65
What is the remainder when 3583587 is divided by 448?
35
What is the remainder when 451183 is divided by 37597?
19
Calculate the remainder when 15038198 is divided by 394.
6
Calculate the remainder when 23494277 is divided by 1037.
5
Calculate the remainder when 3738907 is divided by 2284.
2283
Calculate the remainder when 8745704 is divided by 7879.
14
What is the remainder when 114263 is divided by 8786?
45
What is the remainder when 4549833 is divided by 27?
9
What is the remainder when 498047 is divided by 497885?
162
Calculate the remainder when 6389631 is divided by 1281.
3
Calculate the remainder when 4659502 is divided by 4659487.
15
What is the remainder when 2915125 is divided by 2915099?
26
What is the remainder when 607966 is divided by 607839?
127
Calculate the remainder when 87230070 is divided by 224.
214
Calculate the remainder when 10599939 is divided by 14.
7
Calculate the remainder when 1642404 is divided by 321.
168
What is the remainder when 10603582 is divided by 5301782?
18
What is the remainder when 154912 is divided by 859?
292
What is the remainder when 5888087 is divided by 1018?
993
Calculate the remainder when 7859 is divided by 156.
59
What is the remainder when 420174 is divided by 938?
888
What is the remainder when 731114 is divided by 182774?
18
Calculate the remainder when 3473322 is divided by 114.
84
Calculate the remainder when 901127 is divided by 450426.
275
What is the remainder when 23554 is divided by 1796?
206
Calculate the remainder when 2285781 is divided by 31.
27
What is the remainder when 173751 is divided by 1368?
15
Calculate the remainder when 2911936 is divided by 1455965.
6
Calculate the remainder when 18797596 is divided by 1822.
22
Calculate the remainder when 1070341 is divided by 1070308.
33
Calculate the remainder when 97193887 is divided by 88.
87
Calculate the remainder when 323813 is divided by 4986.
4709
What is the remainder when 17942673 is divided by 1055451?
6
What is the remainder when 80009 is divided by 38498?
3013
Calculate the remainder when 10221392 is divided by 85.
57
What is the remainder when 108002 is divided by 22?
4
Calculate the remainder when 718176 is divided by 239379.
39
What is the remainder when 141140 is divided by 70554?
32
What is the remainder when 9670 is divided by 8?
6
Calculate the remainder when 5531498 is divided by 3501.
3419
What is the remainder when 12784421 is divided by 3196093?
49
Calculate the remainder when 16429114 is divided by 1026819.
10
What is the remainder when 12518 is divided by 5952?
614
Calculate the remainder when 241040 is divided by 552.
368
What is the remainder when 5662375 is divided by 236?
27
Calculate the remainder when 10148898 is divided by 1168.
146
Calculate the remainder when 29708267 is divided by 141.
131
Calculate the remainder when 6387948 is divided by 11.
6
What is the remainder when 223551955 is divided by 4?
3
Calculate the remainder when 27061910 is divided by 6893.
6885
Calculate the remainder when 408793 is divided by 1724.
205
What is the remainder when 8534628 is divided by 275?
3
Calculate the remainder when 2759104 is divided by 50165.
29
What is the remainder when 1256867 is divided by 314201?
63
Calculate the remainder when 40665 is divided by 489.
78
What is the remainder when 1425950 is divided by 1975?
0
What is the remainder when 243062 is divided by 1389?
1376
Calculate the remainder when 206213798 is divided by 676.
674
Calculate the remainder when 126497110 is divided by 2117.
9
What is the remainder when 594011316 is divided by 167?
165
Calculate the remainder when 438886787 is divided by 6.
5
Calculate the remainder when 1569670 is divided by 523219.
13
Calculate the remainder when 23609 is divided by 7283.
1760
Calculate the remainder when 129161464 is divided by 2415.
19
What is the remainder when 2087720 is divided by 218?
152
What is the remainder when 1894442 is divided by 46?
24
Calculate the remainder when 364475 is divided by 90431.
2751
What is the remainder when 4466375 is divided by 5908?
5835
What is the remainder when 22588040 is divided by 22656?
8
Calculate the remainder when 778005 is divided by 191.
62
What is the remainder when 1359570 is divided by 61790?
190
Calculate the remainder when 11072454 is divided by 4627.
43
Calculate the remainder when 158169814 is divided by 504.
502
Calculate the remainder when 67146 is divided by 1564.
1458
Calculate the remainder when 1634394 is divided by 544725.
219
What is the remainder when 6890451 is divided by 3445167?
117
What is the remainder when 8374777 is divided by 20?
17
Calculate the remainder when 2251141 is divided by 9419.
0
What is the remainder when 7159542 is divided by 2236?
2106
What is the remainder when 12682819 is divided by 507310?
69
What is the remainder when 88343129 is divided by 548715?
14
Calculate the remainder when 23577757 is divided by 5963.
55
Calculate the remainder when 672341 is divided by 41.
23
Calculate the remainder when 8190072 is divided by 1028.
1024
Calculate the remainder when 195522 is divided by 53.
5
What is the remainder when 8773454 is divided by 9770?
9764
What is the remainder when 5762351 is divided by 2317?
2289
Calculate the remainder when 1959327 is divided by 10258.
49
Calculate the remainder when 2918771 is divided by 76.
67
Calculate the remainder when 244363 is divided by 94.
57
Calculate the remainder when 887509 is divided by 6829.
6568
What is the remainder when 1070952 is divided by 8?
0
Calculate the remainder when 2200619 is divided by 170.
139
Calculate the remainder when 7788008 is divided by 150.
8
What is the remainder when 8453675 is divided by 4?
3
What is the remainder when 1193281 is divided by 1193019?
262
Calculate the remainder when 722075 is divided by 179856.
2651
What is the remainder when 13635076 is divided by 4544970?
166
What is the remainder when 1080664 is divided by 1873?
1816
Calculate the remainder when 52156 is divided by 1116.
820
Calculate the remainder when 53675563 is divided by 806.
799
Calculate the remainder when 34275 is divided by 1782.
417
What is the remainder when 3306178 is divided by 10665?
28
Calculate the remainder when 213095 is divided by 304.
295
What is the remainder when 710375 is divided by 463?
133
What is the remainder when 11838 is divided by 4838?
2162
What is the remainder when 28461913 is divided by 387?
385
Calculate the remainder when 197909 is divided by 2637.
134
Calculate the remainder when 3871615 is 